{"id":54,"date":"2020-12-20T10:47:36","date_gmt":"2020-12-20T10:47:36","guid":{"rendered":"http:\/\/www.grajos.pl\/index.php\/strona-glowna\/"},"modified":"2020-12-20T10:47:37","modified_gmt":"2020-12-20T10:47:37","slug":"strona-glowna","status":"publish","type":"page","link":"https:\/\/www.grajos.pl\/index.php\/strona-glowna\/","title":{"rendered":"Strona g\u0142\u00f3wna"},"content":{"rendered":"<div class=\"wp-block-cover\" style=\"background-image:url(http:\/\/www.grajos.pl\/wp-content\/uploads\/2020\/12\/other-small.jpg)\"><div class=\"wp-block-cover__inner-container is-layout-flow wp-block-cover-is-layout-flow\"><p class=\"has-text-align-center has-large-font-size\">Witamy w sklepie<\/p>\n\n\t\t\t<p class=\"has-text-color has-text-align-center\">Napisz kr\u00f3tk\u0105 wiadomo\u015b\u0107 powitaln\u0105<\/p>\n\n\t\t\t<div class=\"wp-block-button aligncenter\"><a href=\"http:\/\/www.grajos.pl\/\" class=\"wp-block-button__link\">Przejd\u017a do zakup\u00f3w<\/a><\/div><\/div><\/div><h2 class=\"wp-block-heading\" style=\"text-align:center\">Nowe produkty<\/h2><div data-block-name=\"woocommerce\/product-new\" class=\"wc-block-grid wp-block-product-new wp-block-woocommerce-product-new wc-block-product-new has-3-columns has-multiple-rows\"><ul class=\"wc-block-grid__products\"><li class=\"wc-block-grid__product\">\n\t\t\t\t<a href=\"https:\/\/www.grajos.pl\/index.php\/produkt\/sito-podwojne-wypukle-nierdzewne\/\" class=\"wc-block-grid__product-link\">\n\t\t\t\t\t\n\t\t\t\t\t<div class=\"wc-block-grid__product-image\"><img loading=\"lazy\" decoding=\"async\" width=\"324\" height=\"324\" src=\"https:\/\/www.grajos.pl\/wp-content\/uploads\/2020\/12\/Zrzut-ekranu-2020-12-20-o-14.22.19-324x324.png\" class=\"attachment-woocommerce_thumbnail size-woocommerce_thumbnail\" alt=\"Sito podw\u00f3jne, wypuk\u0142e, nierdzewne\" srcset=\"https:\/\/www.grajos.pl\/wp-content\/uploads\/2020\/12\/Zrzut-ekranu-2020-12-20-o-14.22.19-324x324.png 324w, https:\/\/www.grajos.pl\/wp-content\/uploads\/2020\/12\/Zrzut-ekranu-2020-12-20-o-14.22.19-150x150.png 150w, https:\/\/www.grajos.pl\/wp-content\/uploads\/2020\/12\/Zrzut-ekranu-2020-12-20-o-14.22.19-100x100.png 100w\" sizes=\"auto, (max-width: 324px) 100vw, 324px\" \/><\/div>\n\t\t\t\t\t<div class=\"wc-block-grid__product-title\">Sito podw\u00f3jne, wypuk\u0142e, nierdzewne<\/div>\n\t\t\t\t<\/a>\n\t\t\t\t<div class=\"wc-block-grid__product-price price\"><span class=\"woocommerce-Price-amount amount\">120,00<span class=\"woocommerce-Price-currencySymbol\">&#122;&#322;<\/span><\/span> <small class=\"woocommerce-price-suffix\">Brutto<\/small><\/div>\n\t\t\t\t\n\t\t\t\t<div class=\"wp-block-button wc-block-grid__product-add-to-cart\"><a href=\"?add-to-cart=889\" aria-label=\"Dodaj do koszyka: &bdquo;Sito podw\u00f3jne, wypuk\u0142e, nierdzewne&rdquo;\" data-quantity=\"1\" data-product_id=\"889\" data-product_sku=\"\" data-price=\"120\" rel=\"nofollow\" class=\"wp-block-button__link  add_to_cart_button ajax_add_to_cart\">Dodaj do koszyka<\/a><\/div>\n\t\t\t<\/li><li class=\"wc-block-grid__product\">\n\t\t\t\t<a href=\"https:\/\/www.grajos.pl\/index.php\/produkt\/ciasto-z-pylkiem-1kg\/\" class=\"wc-block-grid__product-link\">\n\t\t\t\t\t\n\t\t\t\t\t<div class=\"wc-block-grid__product-image\"><img loading=\"lazy\" decoding=\"async\" width=\"324\" height=\"324\" src=\"https:\/\/www.grajos.pl\/wp-content\/uploads\/2023\/01\/e3a2168d-0b1d-4431-b8cd-5d00ea467c1f-324x324.jpg\" class=\"attachment-woocommerce_thumbnail size-woocommerce_thumbnail\" alt=\"Ciasto z py\u0142kiem 1kg\" srcset=\"https:\/\/www.grajos.pl\/wp-content\/uploads\/2023\/01\/e3a2168d-0b1d-4431-b8cd-5d00ea467c1f-324x324.jpg 324w, https:\/\/www.grajos.pl\/wp-content\/uploads\/2023\/01\/e3a2168d-0b1d-4431-b8cd-5d00ea467c1f-150x150.jpg 150w, https:\/\/www.grajos.pl\/wp-content\/uploads\/2023\/01\/e3a2168d-0b1d-4431-b8cd-5d00ea467c1f-100x100.jpg 100w\" sizes=\"auto, (max-width: 324px) 100vw, 324px\" \/><\/div>\n\t\t\t\t\t<div class=\"wc-block-grid__product-title\">Ciasto z py\u0142kiem 1kg<\/div>\n\t\t\t\t<\/a>\n\t\t\t\t<div class=\"wc-block-grid__product-price price\"><span class=\"woocommerce-Price-amount amount\">9,00<span class=\"woocommerce-Price-currencySymbol\">&#122;&#322;<\/span><\/span><\/div>\n\t\t\t\t\n\t\t\t\t<div class=\"wp-block-button wc-block-grid__product-add-to-cart\"><a href=\"?add-to-cart=808\" aria-label=\"Dodaj do koszyka: &bdquo;Ciasto z py\u0142kiem 1kg&rdquo;\" data-quantity=\"1\" data-product_id=\"808\" data-product_sku=\"\" data-price=\"9\" rel=\"nofollow\" class=\"wp-block-button__link  add_to_cart_button ajax_add_to_cart\">Dodaj do koszyka<\/a><\/div>\n\t\t\t<\/li><li class=\"wc-block-grid__product\">\n\t\t\t\t<a href=\"https:\/\/www.grajos.pl\/index.php\/produkt\/varromed-500ml-plyn\/\" class=\"wc-block-grid__product-link\">\n\t\t\t\t\t\n\t\t\t\t\t<div class=\"wc-block-grid__product-image\"><img loading=\"lazy\" decoding=\"async\" width=\"324\" height=\"324\" src=\"https:\/\/www.grajos.pl\/wp-content\/uploads\/2022\/02\/IMG-20210304-WA0001-324x324.jpg\" class=\"attachment-woocommerce_thumbnail size-woocommerce_thumbnail\" alt=\"VarroMed  500ml p\u0142yn\" srcset=\"https:\/\/www.grajos.pl\/wp-content\/uploads\/2022\/02\/IMG-20210304-WA0001-324x324.jpg 324w, https:\/\/www.grajos.pl\/wp-content\/uploads\/2022\/02\/IMG-20210304-WA0001-150x150.jpg 150w, https:\/\/www.grajos.pl\/wp-content\/uploads\/2022\/02\/IMG-20210304-WA0001-100x100.jpg 100w\" sizes=\"auto, (max-width: 324px) 100vw, 324px\" \/><\/div>\n\t\t\t\t\t<div class=\"wc-block-grid__product-title\">VarroMed  500ml p\u0142yn<\/div>\n\t\t\t\t<\/a>\n\t\t\t\t<div class=\"wc-block-grid__product-price price\"><span class=\"woocommerce-Price-amount amount\">150,00<span class=\"woocommerce-Price-currencySymbol\">&#122;&#322;<\/span><\/span> <small class=\"woocommerce-price-suffix\">Brutto<\/small><\/div>\n\t\t\t\t\n\t\t\t\t<div class=\"wp-block-button wc-block-grid__product-add-to-cart\"><a href=\"https:\/\/www.grajos.pl\/index.php\/produkt\/varromed-500ml-plyn\/\" aria-label=\"Przeczytaj wi\u0119cej o &bdquo;VarroMed  500ml p\u0142yn&rdquo;\" data-quantity=\"1\" data-product_id=\"722\" data-product_sku=\"\" data-price=\"150\" rel=\"nofollow\" class=\"wp-block-button__link  add_to_cart_button\">Dowiedz si\u0119 wi\u0119cej<\/a><\/div>\n\t\t\t<\/li><li class=\"wc-block-grid__product\">\n\t\t\t\t<a href=\"https:\/\/www.grajos.pl\/index.php\/produkt\/apifood-wiaderko-15kg\/\" class=\"wc-block-grid__product-link\">\n\t\t\t\t\t\n\t\t\t\t\t<div class=\"wc-block-grid__product-image\"><img loading=\"lazy\" decoding=\"async\" width=\"324\" height=\"324\" src=\"https:\/\/www.grajos.pl\/wp-content\/uploads\/2021\/01\/img-9-324x324.jpg\" class=\"attachment-woocommerce_thumbnail size-woocommerce_thumbnail\" alt=\"Apifood wiaderko 15kg\" srcset=\"https:\/\/www.grajos.pl\/wp-content\/uploads\/2021\/01\/img-9-324x324.jpg 324w, https:\/\/www.grajos.pl\/wp-content\/uploads\/2021\/01\/img-9-150x150.jpg 150w, https:\/\/www.grajos.pl\/wp-content\/uploads\/2021\/01\/img-9-100x100.jpg 100w\" sizes=\"auto, (max-width: 324px) 100vw, 324px\" \/><\/div>\n\t\t\t\t\t<div class=\"wc-block-grid__product-title\">Apifood wiaderko 15kg<\/div>\n\t\t\t\t<\/a>\n\t\t\t\t<div class=\"wc-block-grid__product-price price\"><span class=\"woocommerce-Price-amount amount\">55,00<span class=\"woocommerce-Price-currencySymbol\">&#122;&#322;<\/span><\/span> <small class=\"woocommerce-price-suffix\">Brutto<\/small><\/div>\n\t\t\t\t\n\t\t\t\t<div class=\"wp-block-button wc-block-grid__product-add-to-cart\"><a href=\"?add-to-cart=385\" aria-label=\"Dodaj do koszyka: &bdquo;Apifood wiaderko 15kg&rdquo;\" data-quantity=\"1\" data-product_id=\"385\" data-product_sku=\"P12\" data-price=\"55\" rel=\"nofollow\" class=\"wp-block-button__link  add_to_cart_button ajax_add_to_cart\">Dodaj do koszyka<\/a><\/div>\n\t\t\t<\/li><li class=\"wc-block-grid__product\">\n\t\t\t\t<a href=\"https:\/\/www.grajos.pl\/index.php\/produkt\/plastikowy-polawiacz-pylku-wielkopolski-ostrowskiej-do-dennicy-higienicznej-plastikowej-lub-styropianowej\/\" class=\"wc-block-grid__product-link\">\n\t\t\t\t\t\n\t\t\t\t\t<div class=\"wc-block-grid__product-image\"><img loading=\"lazy\" decoding=\"async\" width=\"324\" height=\"324\" src=\"https:\/\/www.grajos.pl\/wp-content\/uploads\/2021\/01\/20200307_164552-324x324.jpg\" class=\"attachment-woocommerce_thumbnail size-woocommerce_thumbnail\" alt=\"Plastikowy po\u0142awiacz py\u0142ku Wielkopolski, Ostrowskiej do dennicy higienicznej plastikowej lub styropianowej.\" srcset=\"https:\/\/www.grajos.pl\/wp-content\/uploads\/2021\/01\/20200307_164552-324x324.jpg 324w, https:\/\/www.grajos.pl\/wp-content\/uploads\/2021\/01\/20200307_164552-150x150.jpg 150w, https:\/\/www.grajos.pl\/wp-content\/uploads\/2021\/01\/20200307_164552-100x100.jpg 100w\" sizes=\"auto, (max-width: 324px) 100vw, 324px\" \/><\/div>\n\t\t\t\t\t<div class=\"wc-block-grid__product-title\">Plastikowy po\u0142awiacz py\u0142ku Wielkopolski, Ostrowskiej do dennicy higienicznej plastikowej lub styropianowej.<\/div>\n\t\t\t\t<\/a>\n\t\t\t\t<div class=\"wc-block-grid__product-price price\"><span class=\"woocommerce-Price-amount amount\">77,00<span class=\"woocommerce-Price-currencySymbol\">&#122;&#322;<\/span><\/span> <small class=\"woocommerce-price-suffix\">Brutto<\/small><\/div>\n\t\t\t\t\n\t\t\t\t<div class=\"wp-block-button wc-block-grid__product-add-to-cart\"><a href=\"?add-to-cart=377\" aria-label=\"Dodaj do koszyka: &bdquo;Plastikowy po\u0142awiacz py\u0142ku Wielkopolski, Ostrowskiej do dennicy higienicznej plastikowej lub styropianowej.&rdquo;\" data-quantity=\"1\" data-product_id=\"377\" data-product_sku=\"8052\" data-price=\"77\" rel=\"nofollow\" class=\"wp-block-button__link  add_to_cart_button ajax_add_to_cart\">Dodaj do koszyka<\/a><\/div>\n\t\t\t<\/li><li class=\"wc-block-grid__product\">\n\t\t\t\t<a href=\"https:\/\/www.grajos.pl\/index.php\/produkt\/dennica-higieniczna-plastikowa\/\" class=\"wc-block-grid__product-link\">\n\t\t\t\t\t\n\t\t\t\t\t<div class=\"wc-block-grid__product-image\"><img loading=\"lazy\" decoding=\"async\" width=\"324\" height=\"324\" src=\"https:\/\/www.grajos.pl\/wp-content\/uploads\/2021\/01\/IMG-20200320-WA0010-324x324.jpg\" class=\"attachment-woocommerce_thumbnail size-woocommerce_thumbnail\" alt=\"Dennica higieniczna plastikowa\" srcset=\"https:\/\/www.grajos.pl\/wp-content\/uploads\/2021\/01\/IMG-20200320-WA0010-324x324.jpg 324w, https:\/\/www.grajos.pl\/wp-content\/uploads\/2021\/01\/IMG-20200320-WA0010-150x150.jpg 150w, https:\/\/www.grajos.pl\/wp-content\/uploads\/2021\/01\/IMG-20200320-WA0010-100x100.jpg 100w\" sizes=\"auto, (max-width: 324px) 100vw, 324px\" \/><\/div>\n\t\t\t\t\t<div class=\"wc-block-grid__product-title\">Dennica higieniczna plastikowa<\/div>\n\t\t\t\t<\/a>\n\t\t\t\t<div class=\"wc-block-grid__product-price price\"><span class=\"woocommerce-Price-amount amount\">96,00<span class=\"woocommerce-Price-currencySymbol\">&#122;&#322;<\/span><\/span> <small class=\"woocommerce-price-suffix\">Brutto<\/small><\/div>\n\t\t\t\t\n\t\t\t\t<div class=\"wp-block-button wc-block-grid__product-add-to-cart\"><a href=\"?add-to-cart=376\" aria-label=\"Dodaj do koszyka: &bdquo;Dennica higieniczna plastikowa&rdquo;\" data-quantity=\"1\" data-product_id=\"376\" data-product_sku=\"8050\" data-price=\"96\" rel=\"nofollow\" class=\"wp-block-button__link  add_to_cart_button ajax_add_to_cart\">Dodaj do koszyka<\/a><\/div>\n\t\t\t<\/li><li class=\"wc-block-grid__product\">\n\t\t\t\t<a href=\"https:\/\/www.grajos.pl\/index.php\/produkt\/dennica-wysoka-wielkopolska\/\" class=\"wc-block-grid__product-link\">\n\t\t\t\t\t\n\t\t\t\t\t<div class=\"wc-block-grid__product-image\"><img loading=\"lazy\" decoding=\"async\" width=\"324\" height=\"324\" src=\"https:\/\/www.grajos.pl\/wp-content\/uploads\/2021\/01\/dennica-wysoka-1-324x324.jpg\" class=\"attachment-woocommerce_thumbnail size-woocommerce_thumbnail\" alt=\"Dennica wysoka wielkopolska\" srcset=\"https:\/\/www.grajos.pl\/wp-content\/uploads\/2021\/01\/dennica-wysoka-1-324x324.jpg 324w, https:\/\/www.grajos.pl\/wp-content\/uploads\/2021\/01\/dennica-wysoka-1-300x300.jpg 300w, https:\/\/www.grajos.pl\/wp-content\/uploads\/2021\/01\/dennica-wysoka-1-150x150.jpg 150w, https:\/\/www.grajos.pl\/wp-content\/uploads\/2021\/01\/dennica-wysoka-1-100x100.jpg 100w, https:\/\/www.grajos.pl\/wp-content\/uploads\/2021\/01\/dennica-wysoka-1.jpg 350w\" sizes=\"auto, (max-width: 324px) 100vw, 324px\" \/><\/div>\n\t\t\t\t\t<div class=\"wc-block-grid__product-title\">Dennica wysoka wielkopolska<\/div>\n\t\t\t\t<\/a>\n\t\t\t\t<div class=\"wc-block-grid__product-price price\"><span class=\"woocommerce-Price-amount amount\">110,00<span class=\"woocommerce-Price-currencySymbol\">&#122;&#322;<\/span><\/span> <small class=\"woocommerce-price-suffix\">Brutto<\/small><\/div>\n\t\t\t\t\n\t\t\t\t<div class=\"wp-block-button wc-block-grid__product-add-to-cart\"><a href=\"https:\/\/www.grajos.pl\/index.php\/produkt\/dennica-wysoka-wielkopolska\/\" aria-label=\"Przeczytaj wi\u0119cej o &bdquo;Dennica wysoka wielkopolska&rdquo;\" data-quantity=\"1\" data-product_id=\"375\" data-product_sku=\"E005DWHM\" data-price=\"110\" rel=\"nofollow\" class=\"wp-block-button__link  add_to_cart_button\">Dowiedz si\u0119 wi\u0119cej<\/a><\/div>\n\t\t\t<\/li><li class=\"wc-block-grid__product\">\n\t\t\t\t<a href=\"https:\/\/www.grajos.pl\/index.php\/produkt\/1-2-korpus-wielkopolski\/\" class=\"wc-block-grid__product-link\">\n\t\t\t\t\t\n\t\t\t\t\t<div class=\"wc-block-grid__product-image\"><img loading=\"lazy\" decoding=\"async\" width=\"42\" height=\"42\" src=\"https:\/\/www.grajos.pl\/wp-content\/uploads\/2021\/01\/1_2-korpus-M.jpg\" class=\"attachment-woocommerce_thumbnail size-woocommerce_thumbnail\" alt=\"1\/2 korpus wielkopolski Wyrobek\" \/><\/div>\n\t\t\t\t\t<div class=\"wc-block-grid__product-title\">1\/2 korpus wielkopolski Wyrobek<\/div>\n\t\t\t\t<\/a>\n\t\t\t\t<div class=\"wc-block-grid__product-price price\"><span class=\"woocommerce-Price-amount amount\">85,00<span class=\"woocommerce-Price-currencySymbol\">&#122;&#322;<\/span><\/span> <small class=\"woocommerce-price-suffix\">Brutto<\/small><\/div>\n\t\t\t\t\n\t\t\t\t<div class=\"wp-block-button wc-block-grid__product-add-to-cart\"><a href=\"?add-to-cart=374\" aria-label=\"Dodaj do koszyka: &bdquo;1\/2 korpus wielkopolski Wyrobek&rdquo;\" data-quantity=\"1\" data-product_id=\"374\" data-product_sku=\"E003KMM\" data-price=\"85\" rel=\"nofollow\" class=\"wp-block-button__link  add_to_cart_button ajax_add_to_cart\">Dodaj do koszyka<\/a><\/div>\n\t\t\t<\/li><li class=\"wc-block-grid__product\">\n\t\t\t\t<a href=\"https:\/\/www.grajos.pl\/index.php\/produkt\/korpus-gniazdowy-wielkopolski\/\" class=\"wc-block-grid__product-link\">\n\t\t\t\t\t\n\t\t\t\t\t<div class=\"wc-block-grid__product-image\"><img loading=\"lazy\" decoding=\"async\" width=\"42\" height=\"42\" src=\"https:\/\/www.grajos.pl\/wp-content\/uploads\/2021\/01\/korpus-M.jpg\" class=\"attachment-woocommerce_thumbnail size-woocommerce_thumbnail\" alt=\"Korpus gniazdowy Wielkopolski Wyrobek\" \/><\/div>\n\t\t\t\t\t<div class=\"wc-block-grid__product-title\">Korpus gniazdowy Wielkopolski Wyrobek<\/div>\n\t\t\t\t<\/a>\n\t\t\t\t<div class=\"wc-block-grid__product-price price\"><span class=\"woocommerce-Price-amount amount\">105,00<span class=\"woocommerce-Price-currencySymbol\">&#122;&#322;<\/span><\/span> <small class=\"woocommerce-price-suffix\">Brutto<\/small><\/div>\n\t\t\t\t\n\t\t\t\t<div class=\"wp-block-button wc-block-grid__product-add-to-cart\"><a href=\"?add-to-cart=373\" aria-label=\"Dodaj do koszyka: &bdquo;Korpus gniazdowy Wielkopolski Wyrobek&rdquo;\" data-quantity=\"1\" data-product_id=\"373\" data-product_sku=\"E004KWM\" data-price=\"105\" rel=\"nofollow\" class=\"wp-block-button__link  add_to_cart_button ajax_add_to_cart\">Dodaj do koszyka<\/a><\/div>\n\t\t\t<\/li><\/ul><\/div><div class=\"wp-block-media-text alignwide has-media-on-the-right\"\"><figure class=\"wp-block-media-text__media\"><img loading=\"lazy\" decoding=\"async\" width=\"1920\" height=\"1280\" src=\"http:\/\/www.grajos.pl\/wp-content\/uploads\/2020\/12\/other-small.jpg\" alt=\"\" class=\"wp-image-55\" srcset=\"https:\/\/www.grajos.pl\/wp-content\/uploads\/2020\/12\/other-small.jpg 1920w, https:\/\/www.grajos.pl\/wp-content\/uploads\/2020\/12\/other-small-300x200.jpg 300w, https:\/\/www.grajos.pl\/wp-content\/uploads\/2020\/12\/other-small-1024x683.jpg 1024w, https:\/\/www.grajos.pl\/wp-content\/uploads\/2020\/12\/other-small-768x512.jpg 768w, https:\/\/www.grajos.pl\/wp-content\/uploads\/2020\/12\/other-small-1536x1024.jpg 1536w, https:\/\/www.grajos.pl\/wp-content\/uploads\/2020\/12\/other-small-416x277.jpg 416w\" sizes=\"auto, (max-width: 1920px) 100vw, 1920px\" \/><\/figure><div class=\"wp-block-media-text__content\"><p class=\"has-large-font-size\"><\/p><\/div><\/div><div class=\"wp-block-media-text alignwide\"\"><figure class=\"wp-block-media-text__media\"><img loading=\"lazy\" decoding=\"async\" width=\"1920\" height=\"1280\" src=\"http:\/\/www.grajos.pl\/wp-content\/uploads\/2020\/12\/other-small.jpg\" alt=\"\" class=\"wp-image-55\" srcset=\"https:\/\/www.grajos.pl\/wp-content\/uploads\/2020\/12\/other-small.jpg 1920w, https:\/\/www.grajos.pl\/wp-content\/uploads\/2020\/12\/other-small-300x200.jpg 300w, https:\/\/www.grajos.pl\/wp-content\/uploads\/2020\/12\/other-small-1024x683.jpg 1024w, https:\/\/www.grajos.pl\/wp-content\/uploads\/2020\/12\/other-small-768x512.jpg 768w, https:\/\/www.grajos.pl\/wp-content\/uploads\/2020\/12\/other-small-1536x1024.jpg 1536w, https:\/\/www.grajos.pl\/wp-content\/uploads\/2020\/12\/other-small-416x277.jpg 416w\" sizes=\"auto, (max-width: 1920px) 100vw, 1920px\" \/><\/figure><div class=\"wp-block-media-text__content\"><p class=\"has-large-font-size\"><\/p><\/div><\/div><div class=\"wp-block-media-text alignwide has-media-on-the-right\"\"><figure class=\"wp-block-media-text__media\"><img loading=\"lazy\" decoding=\"async\" width=\"1920\" height=\"1280\" src=\"http:\/\/www.grajos.pl\/wp-content\/uploads\/2020\/12\/other-small.jpg\" alt=\"\" class=\"wp-image-55\" srcset=\"https:\/\/www.grajos.pl\/wp-content\/uploads\/2020\/12\/other-small.jpg 1920w, https:\/\/www.grajos.pl\/wp-content\/uploads\/2020\/12\/other-small-300x200.jpg 300w, https:\/\/www.grajos.pl\/wp-content\/uploads\/2020\/12\/other-small-1024x683.jpg 1024w, https:\/\/www.grajos.pl\/wp-content\/uploads\/2020\/12\/other-small-768x512.jpg 768w, https:\/\/www.grajos.pl\/wp-content\/uploads\/2020\/12\/other-small-1536x1024.jpg 1536w, https:\/\/www.grajos.pl\/wp-content\/uploads\/2020\/12\/other-small-416x277.jpg 416w\" sizes=\"auto, (max-width: 1920px) 100vw, 1920px\" \/><\/figure><div class=\"wp-block-media-text__content\"><p class=\"has-large-font-size\"><\/p><\/div><\/div>","protected":false},"excerpt":{"rendered":"<p>Nowe produkty<\/p>\n","protected":false},"author":1,"featured_media":0,"parent":0,"menu_order":0,"comment_status":"closed","ping_status":"closed","template":"template-fullwidth.php","meta":{"footnotes":""},"class_list":["post-54","page","type-page","status-publish","hentry"],"_links":{"self":[{"href":"https:\/\/www.grajos.pl\/index.php\/wp-json\/wp\/v2\/pages\/54","targetHints":{"allow":["GET"]}}],"collection":[{"href":"https:\/\/www.grajos.pl\/index.php\/wp-json\/wp\/v2\/pages"}],"about":[{"href":"https:\/\/www.grajos.pl\/index.php\/wp-json\/wp\/v2\/types\/page"}],"author":[{"embeddable":true,"href":"https:\/\/www.grajos.pl\/index.php\/wp-json\/wp\/v2\/users\/1"}],"replies":[{"embeddable":true,"href":"https:\/\/www.grajos.pl\/index.php\/wp-json\/wp\/v2\/comments?post=54"}],"version-history":[{"count":1,"href":"https:\/\/www.grajos.pl\/index.php\/wp-json\/wp\/v2\/pages\/54\/revisions"}],"predecessor-version":[{"id":56,"href":"https:\/\/www.grajos.pl\/index.php\/wp-json\/wp\/v2\/pages\/54\/revisions\/56"}],"wp:attachment":[{"href":"https:\/\/www.grajos.pl\/index.php\/wp-json\/wp\/v2\/media?parent=54"}],"curies":[{"name":"wp","href":"https:\/\/api.w.org\/{rel}","templated":true}]}}