{"id":114,"date":"2021-01-01T18:18:11","date_gmt":"2021-01-01T18:18:11","guid":{"rendered":"http:\/\/www.grajos.pl\/?post_type=product&#038;p=114"},"modified":"2024-05-20T17:55:08","modified_gmt":"2024-05-20T17:55:08","slug":"kubek-pszczelarza","status":"publish","type":"product","link":"https:\/\/www.grajos.pl\/index.php\/produkt\/kubek-pszczelarza\/","title":{"rendered":"Kubek pszczelarza"},"content":{"rendered":"<p>Kubek ceramiczny o pojemno\u015bci 330 ml, \u015bwietny pomys\u0142 na prezent.<\/p>\n","protected":false},"excerpt":{"rendered":"<p>Kubek ceramiczny o pojemno\u015bci 330 ml, \u015bwietny pomys\u0142 na prezent.<\/p>\n","protected":false},"featured_media":518,"comment_status":"open","ping_status":"closed","template":"","meta":[],"product_brand":[],"product_cat":[27],"product_tag":[],"class_list":{"0":"post-114","1":"product","2":"type-product","3":"status-publish","4":"has-post-thumbnail","6":"product_cat-gadzety","8":"first","9":"instock","10":"taxable","11":"shipping-taxable","12":"purchasable","13":"product-type-simple"},"_links":{"self":[{"href":"https:\/\/www.grajos.pl\/index.php\/wp-json\/wp\/v2\/product\/114","targetHints":{"allow":["GET"]}}],"collection":[{"href":"https:\/\/www.grajos.pl\/index.php\/wp-json\/wp\/v2\/product"}],"about":[{"href":"https:\/\/www.grajos.pl\/index.php\/wp-json\/wp\/v2\/types\/product"}],"replies":[{"embeddable":true,"href":"https:\/\/www.grajos.pl\/index.php\/wp-json\/wp\/v2\/comments?post=114"}],"wp:featuredmedia":[{"embeddable":true,"href":"https:\/\/www.grajos.pl\/index.php\/wp-json\/wp\/v2\/media\/518"}],"wp:attachment":[{"href":"https:\/\/www.grajos.pl\/index.php\/wp-json\/wp\/v2\/media?parent=114"}],"wp:term":[{"taxonomy":"product_brand","embeddable":true,"href":"https:\/\/www.grajos.pl\/index.php\/wp-json\/wp\/v2\/product_brand?post=114"},{"taxonomy":"product_cat","embeddable":true,"href":"https:\/\/www.grajos.pl\/index.php\/wp-json\/wp\/v2\/product_cat?post=114"},{"taxonomy":"product_tag","embeddable":true,"href":"https:\/\/www.grajos.pl\/index.php\/wp-json\/wp\/v2\/product_tag?post=114"}],"curies":[{"name":"wp","href":"https:\/\/api.w.org\/{rel}","templated":true}]}}