{"id":174,"date":"2021-01-05T15:47:36","date_gmt":"2021-01-05T15:47:36","guid":{"rendered":"http:\/\/www.grajos.pl\/?post_type=product&#038;p=174"},"modified":"2024-05-20T17:48:55","modified_gmt":"2024-05-20T17:48:55","slug":"odsklepiacz-widelcowy-wygiety-17-w-oprawie-drewnianej","status":"publish","type":"product","link":"https:\/\/www.grajos.pl\/index.php\/produkt\/odsklepiacz-widelcowy-wygiety-17-w-oprawie-drewnianej\/","title":{"rendered":"Odsklepiacz widelcowy wygi\u0119ty 17 w oprawie drewnianej"},"content":{"rendered":"<p>Odsklepiacz widelcowy. Posiada 17 profilowanych igie\u0142 oraz r\u0105czk\u0119 wykonan\u0105 z\u00a0drewna.<\/p>\n","protected":false},"excerpt":{"rendered":"<p>Odsklepiacz widelcowy. Posiada 17 profilowanych igie\u0142 oraz r\u0105czk\u0119 wykonan\u0105 z\u00a0drewna.<\/p>\n","protected":false},"featured_media":355,"comment_status":"open","ping_status":"closed","template":"","meta":[],"product_brand":[],"product_cat":[26],"product_tag":[],"class_list":{"0":"post-174","1":"product","2":"type-product","3":"status-publish","4":"has-post-thumbnail","6":"product_cat-drobny-sprzet","8":"first","9":"instock","10":"taxable","11":"shipping-taxable","12":"purchasable","13":"product-type-simple"},"_links":{"self":[{"href":"https:\/\/www.grajos.pl\/index.php\/wp-json\/wp\/v2\/product\/174","targetHints":{"allow":["GET"]}}],"collection":[{"href":"https:\/\/www.grajos.pl\/index.php\/wp-json\/wp\/v2\/product"}],"about":[{"href":"https:\/\/www.grajos.pl\/index.php\/wp-json\/wp\/v2\/types\/product"}],"replies":[{"embeddable":true,"href":"https:\/\/www.grajos.pl\/index.php\/wp-json\/wp\/v2\/comments?post=174"}],"wp:featuredmedia":[{"embeddable":true,"href":"https:\/\/www.grajos.pl\/index.php\/wp-json\/wp\/v2\/media\/355"}],"wp:attachment":[{"href":"https:\/\/www.grajos.pl\/index.php\/wp-json\/wp\/v2\/media?parent=174"}],"wp:term":[{"taxonomy":"product_brand","embeddable":true,"href":"https:\/\/www.grajos.pl\/index.php\/wp-json\/wp\/v2\/product_brand?post=174"},{"taxonomy":"product_cat","embeddable":true,"href":"https:\/\/www.grajos.pl\/index.php\/wp-json\/wp\/v2\/product_cat?post=174"},{"taxonomy":"product_tag","embeddable":true,"href":"https:\/\/www.grajos.pl\/index.php\/wp-json\/wp\/v2\/product_tag?post=174"}],"curies":[{"name":"wp","href":"https:\/\/api.w.org\/{rel}","templated":true}]}}