{"id":197,"date":"2021-01-05T16:06:47","date_gmt":"2021-01-05T16:06:47","guid":{"rendered":"http:\/\/www.grajos.pl\/?post_type=product&#038;p=197"},"modified":"2022-05-10T07:54:24","modified_gmt":"2022-05-10T07:54:24","slug":"kartusz","status":"publish","type":"product","link":"https:\/\/www.grajos.pl\/index.php\/produkt\/kartusz\/","title":{"rendered":"Kartusz"},"content":{"rendered":"<p><b>Nadaje si\u0119 do kuchenek gazowych , palnika-opalarki do chwast\u00f3w ,<\/b>nape\u0142niony jest wydajnym, wysokokalorycznym gazem-butanem.<\/p>\n<p>Pojemno\u015b\u0107 400ml,<\/p>\n","protected":false},"excerpt":{"rendered":"<p>Nadaje si\u0119 do kuchenek gazowych , palnika-opalarki do chwast\u00f3w ,nape\u0142niony jest wydajnym, wysokokalorycznym gazem-butanem. Pojemno\u015b\u0107 400ml,<\/p>\n","protected":false},"featured_media":531,"comment_status":"open","ping_status":"closed","template":"","meta":[],"product_brand":[],"product_cat":[26],"product_tag":[],"class_list":{"0":"post-197","1":"product","2":"type-product","3":"status-publish","4":"has-post-thumbnail","6":"product_cat-drobny-sprzet","8":"first","9":"instock","10":"taxable","11":"shipping-taxable","12":"purchasable","13":"product-type-simple"},"_links":{"self":[{"href":"https:\/\/www.grajos.pl\/index.php\/wp-json\/wp\/v2\/product\/197","targetHints":{"allow":["GET"]}}],"collection":[{"href":"https:\/\/www.grajos.pl\/index.php\/wp-json\/wp\/v2\/product"}],"about":[{"href":"https:\/\/www.grajos.pl\/index.php\/wp-json\/wp\/v2\/types\/product"}],"replies":[{"embeddable":true,"href":"https:\/\/www.grajos.pl\/index.php\/wp-json\/wp\/v2\/comments?post=197"}],"wp:featuredmedia":[{"embeddable":true,"href":"https:\/\/www.grajos.pl\/index.php\/wp-json\/wp\/v2\/media\/531"}],"wp:attachment":[{"href":"https:\/\/www.grajos.pl\/index.php\/wp-json\/wp\/v2\/media?parent=197"}],"wp:term":[{"taxonomy":"product_brand","embeddable":true,"href":"https:\/\/www.grajos.pl\/index.php\/wp-json\/wp\/v2\/product_brand?post=197"},{"taxonomy":"product_cat","embeddable":true,"href":"https:\/\/www.grajos.pl\/index.php\/wp-json\/wp\/v2\/product_cat?post=197"},{"taxonomy":"product_tag","embeddable":true,"href":"https:\/\/www.grajos.pl\/index.php\/wp-json\/wp\/v2\/product_tag?post=197"}],"curies":[{"name":"wp","href":"https:\/\/api.w.org\/{rel}","templated":true}]}}