{"id":200,"date":"2021-01-05T16:11:05","date_gmt":"2021-01-05T16:11:05","guid":{"rendered":"http:\/\/www.grajos.pl\/?post_type=product&#038;p=200"},"modified":"2021-11-11T20:56:57","modified_gmt":"2021-11-11T20:56:57","slug":"kapelusz-pszczelarski","status":"publish","type":"product","link":"https:\/\/www.grajos.pl\/index.php\/produkt\/kapelusz-pszczelarski\/","title":{"rendered":"Kapelusz pszczelarski"},"content":{"rendered":"<h1 class=\"h1 page-title\">KAPELUSZ PSZCZELARSKI SIATKA Z TY\u0141U, Z PRZODU SIATKA \u015aCI\u0104GANA<\/h1>\n<p>W sprzeda\u017cy dost\u0119pne s\u0105 r\u00f3wnie\u017c:<\/p>\n<ul>\n<li>kombinezony pszczelarskie<\/li>\n<li>bluzy z kapeluszem<\/li>\n<li>r\u0119kawice ochronne<\/li>\n<li>ochraniacze na r\u0119ce z gumkami<\/li>\n<\/ul>\n<p>&nbsp;<\/p>\n","protected":false},"excerpt":{"rendered":"<p>KAPELUSZ PSZCZELARSKI SIATKA Z TY\u0141U, Z PRZODU SIATKA \u015aCI\u0104GANA W sprzeda\u017cy dost\u0119pne s\u0105 r\u00f3wnie\u017c: kombinezony pszczelarskie bluzy z kapeluszem r\u0119kawice ochronne ochraniacze na r\u0119ce z gumkami &nbsp;<\/p>\n","protected":false},"featured_media":418,"comment_status":"open","ping_status":"closed","template":"","meta":[],"product_brand":[],"product_cat":[22],"product_tag":[],"class_list":{"0":"post-200","1":"product","2":"type-product","3":"status-publish","4":"has-post-thumbnail","6":"product_cat-odziez","8":"first","9":"instock","10":"taxable","11":"shipping-taxable","12":"purchasable","13":"product-type-simple"},"_links":{"self":[{"href":"https:\/\/www.grajos.pl\/index.php\/wp-json\/wp\/v2\/product\/200","targetHints":{"allow":["GET"]}}],"collection":[{"href":"https:\/\/www.grajos.pl\/index.php\/wp-json\/wp\/v2\/product"}],"about":[{"href":"https:\/\/www.grajos.pl\/index.php\/wp-json\/wp\/v2\/types\/product"}],"replies":[{"embeddable":true,"href":"https:\/\/www.grajos.pl\/index.php\/wp-json\/wp\/v2\/comments?post=200"}],"wp:featuredmedia":[{"embeddable":true,"href":"https:\/\/www.grajos.pl\/index.php\/wp-json\/wp\/v2\/media\/418"}],"wp:attachment":[{"href":"https:\/\/www.grajos.pl\/index.php\/wp-json\/wp\/v2\/media?parent=200"}],"wp:term":[{"taxonomy":"product_brand","embeddable":true,"href":"https:\/\/www.grajos.pl\/index.php\/wp-json\/wp\/v2\/product_brand?post=200"},{"taxonomy":"product_cat","embeddable":true,"href":"https:\/\/www.grajos.pl\/index.php\/wp-json\/wp\/v2\/product_cat?post=200"},{"taxonomy":"product_tag","embeddable":true,"href":"https:\/\/www.grajos.pl\/index.php\/wp-json\/wp\/v2\/product_tag?post=200"}],"curies":[{"name":"wp","href":"https:\/\/api.w.org\/{rel}","templated":true}]}}