{"id":255,"date":"2021-01-09T16:04:14","date_gmt":"2021-01-09T16:04:14","guid":{"rendered":"http:\/\/www.grajos.pl\/?post_type=product&#038;p=255"},"modified":"2026-02-01T12:36:21","modified_gmt":"2026-02-01T12:36:21","slug":"wanienka-do-odsklepiania-plastikowa-100mm-wysokosc","status":"publish","type":"product","link":"https:\/\/www.grajos.pl\/index.php\/produkt\/wanienka-do-odsklepiania-plastikowa-100mm-wysokosc\/","title":{"rendered":"Wanienka do odsklepiania plastikowa 100mm wysoko\u015b\u0107"},"content":{"rendered":"<p><strong><img loading=\"lazy\" decoding=\"async\" class=\"alignnone size-medium wp-image-296\" src=\"http:\/\/www.grajos.pl\/wp-content\/uploads\/2021\/01\/IMG-20200318-WA0015-300x180.jpg\" alt=\"\" width=\"300\" height=\"180\" srcset=\"https:\/\/www.grajos.pl\/wp-content\/uploads\/2021\/01\/IMG-20200318-WA0015-300x180.jpg 300w, https:\/\/www.grajos.pl\/wp-content\/uploads\/2021\/01\/IMG-20200318-WA0015-1024x614.jpg 1024w, https:\/\/www.grajos.pl\/wp-content\/uploads\/2021\/01\/IMG-20200318-WA0015-768x461.jpg 768w, https:\/\/www.grajos.pl\/wp-content\/uploads\/2021\/01\/IMG-20200318-WA0015-1536x922.jpg 1536w, https:\/\/www.grajos.pl\/wp-content\/uploads\/2021\/01\/IMG-20200318-WA0015-416x250.jpg 416w, https:\/\/www.grajos.pl\/wp-content\/uploads\/2021\/01\/IMG-20200318-WA0015.jpg 1600w\" sizes=\"auto, (max-width: 300px) 100vw, 300px\" \/>Wanienka do odsklepiania ramek wys. 100mm, sito metalowe<\/strong><strong>\u00a0\u00a0<\/strong>Wanienka polecana do ma\u0142ych pasiek. S\u0142u\u017cy do oparcia ramki z miodem podczas odsklepiania. Do wanienki sp\u0142ywa mi\u00f3d wyciekaj\u0105cy z plastra, a na sicie gromadzone s\u0105 odsklepiny.<\/p>\n<p><strong>Zalety:<\/strong><\/p>\n<p>&#8211; w\u00a0komplecie stojak pod ramk\u0119 z\u00a0miodem i\u00a0zintegrowane sito plastikowe<\/p>\n<p>&#8211; wykonana z\u00a0plastiku dopuszczonego do kontaktu z\u00a0\u017cywno\u015bci\u0105<\/p>\n<p>&#8211; stabilna<\/p>\n<p>&#8211; dodatkowy pr\u0119t poprzeczny wzmacniaj\u0105cy konstrukcj\u0119 stojaka pod ramk\u0119<\/p>\n<p>&#8211; pojemne sito przy stosunkowo niewielkich wymiarach wanienki<\/p>\n<p>&#8211; kompaktowe wymiary<\/p>\n<p>&#8211; produkt polski<\/p>\n<p>&#8211; wk\u0142ad: sito plastikowe o wymiarach wewn\u0119trznych: 34,5cm x 55cm x 7cm<\/p>\n<p>&#8211; wymiary wanienki: 41cm x 61cm, wysoko\u015b\u0107 10cm<\/p>\n<p>&#8211; \u0142atwe rozk\u0142adanie i czyszczenie<\/p>\n<p>&#8211; w zestawie: wanienka, sito, uniwersalny stojak na ramki (pasuje do wszystkich rozmiar\u00f3w ramek)<\/p>\n<p>&#8211; idealna do ma\u0142ych pasiek<\/p>\n<p>Wanienka polecana do ma\u0142ych pasiek.<br \/>\nS\u0142u\u017cy do oparcia ramki z miodem podczas odsklepiania.<br \/>\nZestaw zawiera: plastikow\u0105 wanienk\u0119 oraz plastikowe sito i uniwersalny stojak na ramki.<\/p>\n","protected":false},"excerpt":{"rendered":"<p>Wanienka do odsklepiania ramek wys. 100mm, sito metalowe\u00a0\u00a0Wanienka polecana do ma\u0142ych pasiek. S\u0142u\u017cy do oparcia ramki z miodem podczas odsklepiania. Do wanienki sp\u0142ywa mi\u00f3d wyciekaj\u0105cy z plastra, a na sicie gromadzone s\u0105 odsklepiny. Zalety: &#8211; w\u00a0komplecie stojak pod ramk\u0119 z\u00a0miodem i\u00a0zintegrowane sito plastikowe &#8211; wykonana z\u00a0plastiku dopuszczonego do kontaktu z\u00a0\u017cywno\u015bci\u0105 &#8211; stabilna &#8211; dodatkowy pr\u0119t [&hellip;]<\/p>\n","protected":false},"featured_media":296,"comment_status":"open","ping_status":"closed","template":"","meta":[],"product_brand":[],"product_cat":[20,29],"product_tag":[],"class_list":{"0":"post-255","1":"product","2":"type-product","3":"status-publish","4":"has-post-thumbnail","6":"product_cat-miodarki","7":"product_cat-obrobka-miodu","9":"first","10":"instock","11":"taxable","12":"shipping-taxable","13":"purchasable","14":"product-type-simple"},"_links":{"self":[{"href":"https:\/\/www.grajos.pl\/index.php\/wp-json\/wp\/v2\/product\/255","targetHints":{"allow":["GET"]}}],"collection":[{"href":"https:\/\/www.grajos.pl\/index.php\/wp-json\/wp\/v2\/product"}],"about":[{"href":"https:\/\/www.grajos.pl\/index.php\/wp-json\/wp\/v2\/types\/product"}],"replies":[{"embeddable":true,"href":"https:\/\/www.grajos.pl\/index.php\/wp-json\/wp\/v2\/comments?post=255"}],"wp:featuredmedia":[{"embeddable":true,"href":"https:\/\/www.grajos.pl\/index.php\/wp-json\/wp\/v2\/media\/296"}],"wp:attachment":[{"href":"https:\/\/www.grajos.pl\/index.php\/wp-json\/wp\/v2\/media?parent=255"}],"wp:term":[{"taxonomy":"product_brand","embeddable":true,"href":"https:\/\/www.grajos.pl\/index.php\/wp-json\/wp\/v2\/product_brand?post=255"},{"taxonomy":"product_cat","embeddable":true,"href":"https:\/\/www.grajos.pl\/index.php\/wp-json\/wp\/v2\/product_cat?post=255"},{"taxonomy":"product_tag","embeddable":true,"href":"https:\/\/www.grajos.pl\/index.php\/wp-json\/wp\/v2\/product_tag?post=255"}],"curies":[{"name":"wp","href":"https:\/\/api.w.org\/{rel}","templated":true}]}}